{"id":5607,"date":"2022-10-12T11:55:06","date_gmt":"2022-10-12T11:55:06","guid":{"rendered":"https:\/\/ipse.gov.co\/intranet\/?page_id=5607"},"modified":"2026-01-28T03:41:06","modified_gmt":"2026-01-28T03:41:06","slug":"nombramientos-y-encargos","status":"publish","type":"page","link":"https:\/\/ipse.gov.co\/intranet\/nombramientos-y-encargos\/","title":{"rendered":"Nombramientos y encargos"},"content":{"rendered":"\t\t<div data-elementor-type=\"wp-page\" data-elementor-id=\"5607\" class=\"elementor elementor-5607\">\n\t\t\t\t\t\t<section data-particle_enable=\"false\" data-particle-mobile-disabled=\"false\" class=\"elementor-section elementor-top-section elementor-element elementor-element-3340ba71 elementor-section-boxed elementor-section-height-default elementor-section-height-default\" data-id=\"3340ba71\" data-element_type=\"section\">\n\t\t\t\t\t\t<div class=\"elementor-container elementor-column-gap-default\">\n\t\t\t\t\t<div class=\"elementor-column elementor-col-100 elementor-top-column elementor-element elementor-element-328c5b02\" data-id=\"328c5b02\" data-element_type=\"column\">\n\t\t\t<div class=\"elementor-widget-wrap elementor-element-populated\">\n\t\t\t\t\t\t<div class=\"elementor-element elementor-element-4a85bd6 elementor-widget elementor-widget-html\" data-id=\"4a85bd6\" data-element_type=\"widget\" data-widget_type=\"html.default\">\n\t\t\t\t<div class=\"elementor-widget-container\">\n\t\t\t<style type=\"text\/css\">\r\n  \/* ===== BREADCRUMBS ===== *\/\r\n  .breadcrumbs {\r\n    background-color: #04549c;\r\n  }\r\n.breadcrumbs__title .page-title {\r\n    color: #ffffff;\r\n  }\r\n.breadcrumbs__item-target {\r\n    color: #ffffff;\r\n  }\r\n\/* ===== TABLA RESOLUCIONES ===== *\/\r\n  table {\r\n    width: 100%;\r\n    border-collapse: collapse;\r\n    margin-top: 20px;\r\n  }\r\nthead {\r\n    background-color: #04549c;\r\n    color: #ffffff;\r\n    text-align: center;\r\n  }\r\nth,\r\n  td {\r\n    border: 1px solid #dddddd;\r\n    padding: 10px;\r\n    vertical-align: middle;\r\n  }\r\ntbody tr:nth-child(even) {\r\n    background-color: #f5f7fa;\r\n  }\r\ntbody tr:hover {\r\n    background-color: #eef3fb;\r\n  }\r\ntd:last-child {\r\n    text-align: center;\r\n  }\r\n<\/style>\r\n\r\nA continuaci\u00f3n, usted podr\u00e1 consultar las resoluciones emitidas por el IPSE,\r\nrespecto a los Nombramientos provisionales y encargos en el ejercicio del\r\nderecho preferencial.\r\n<table>\r\n<thead>\r\n<tr>\r\n<th width=\"50%\">Nombre<\/th>\r\n<th width=\"20%\">Fecha de fijaci\u00f3n<\/th>\r\n<th width=\"20%\">Fecha de desfijaci\u00f3n<\/th>\r\n<th width=\"10%\">Documento<\/th>\r\n<\/tr>\r\n<\/thead>\r\n<tbody>\r\n<tr>\r\n<td>Nombramiento Provisional Secretario Ejecutivo C\u00f3digo 4210 Grado 23<\/td>\r\n<td>27\/01\/2026<\/td>\r\n<td><\/td>\r\n<td><a href=\"https:\/\/ipse.gov.co\/documento_talento_humano\/documento\/resoluciones\/2026\/NOMBRAMIENTO_SECRETARIA_EJECUTIVO_GRADO_23.pdf\" target=\"_blank\" rel=\"noopener\">\r\n<img decoding=\"async\" src=\"\/documentos_contratacion\/img\/pdf.png\" alt=\"PDF\" width=\"40\" height=\"40\" \/>\r\n<\/a><\/td>\r\n<\/tr>\r\n<tr>\r\n<td>Nombramiento Provisional T\u00e9cnico Administrativo C\u00f3digo 3124  Grado 16<\/td>\r\n<td>27\/01\/2026<\/td>\r\n<td><\/td>\r\n<td><a href=\"https:\/\/ipse.gov.co\/documento_talento_humano\/documento\/resoluciones\/2026\/NOMBRAMIENTO_TECNICO_ADMINISTRATIVO.pdf\" target=\"_blank\" rel=\"noopener\">\r\n<img decoding=\"async\" src=\"\/documentos_contratacion\/img\/pdf.png\" alt=\"PDF\" width=\"40\" height=\"40\" \/>\r\n<\/a><\/td>\r\n<\/tr>\r\n<tr>\r\n<td>Nombramiento T\u00e9cnico Administrativo C\u00f3digo 3124 Grado 16<\/td>\r\n<td>26\/01\/2026<\/td>\r\n<td><\/td>\r\n<td><a href=\"https:\/\/ipse.gov.co\/documento_talento_humano\/documento\/resoluciones\/2026\/Resolucion_%20No_202613000000285.pdf\" target=\"_blank\" rel=\"noopener\">\r\n<img decoding=\"async\" src=\"\/documentos_contratacion\/img\/pdf.png\" alt=\"PDF\" width=\"40\" height=\"40\" \/>\r\n<\/a><\/td>\r\n<\/tr>\r\n   <tr>\r\n<td>  Nombramiento Provisional T\u00e9cnico Administrativo, C\u00f3digo 3124, Grado 14 - Oficina Juridica<\/td>\r\n<td>23\/01\/2026<\/td>\r\n<td><\/td>\r\n<td><a href=\"https:\/\/ipse.gov.co\/documento_talento_humano\/documento\/resoluciones\/2026\/Nombramient_Provisional%20Tecnico%20Administrativo%2C%20Codigo%203124%2C%20Grado%2014%C2%A0-%20Oficina%20Juridica%C2%A0%C2%A0.pdf\" target=\"_blank\" rel=\"noopener\">\r\n<img decoding=\"async\" src=\"\/documentos_contratacion\/img\/pdf.png\" alt=\"PDF\" width=\"40\" height=\"40\" \/>\r\n<\/a><\/td>\r\n<\/tr>\r\n  <tr>\r\n<td> Nombramiento Provisional Profesional Especializado, C\u00f3digo 2028, Grado 13 - Oficina Jur\u00eddica Disciplinario<\/td>\r\n<td>23\/01\/2026<\/td>\r\n<td><\/td>\r\n<td><a href=\"https:\/\/ipse.gov.co\/documento_talento_humano\/documento\/resoluciones\/2026\/Nombramiento_Provisional_Profesional_Especializado_C%C3%B3digo%202028_Grado_13_Oficina_Juridica_Disciplinario%C2%A0.pdf\" target=\"_blank\" rel=\"noopener\">\r\n<img decoding=\"async\" src=\"\/documentos_contratacion\/img\/pdf.png\" alt=\"PDF\" width=\"40\" height=\"40\" \/>\r\n<\/a><\/td>\r\n<\/tr>\r\n<tr>\r\n<td> Nombramiento Provisional T\u00e9cnico Administrativo, C\u00f3digo 3124, Grado 16 - Grupo TH, SS Y BT<\/td>\r\n<td>15\/01\/2026<\/td>\r\n<td><\/td>\r\n<td><a href=\"https:\/\/ipse.gov.co\/documento_talento_humano\/documento\/resoluciones\/2025\/RESOLUCION_202613400000095_15_01_2026.pdf\" target=\"_blank\" rel=\"noopener\">\r\n<img decoding=\"async\" src=\"\/documentos_contratacion\/img\/pdf.png\" alt=\"PDF\" width=\"40\" height=\"40\" \/>\r\n<\/a><\/td>\r\n<\/tr>\r\n<tr>\r\n<td>Nombramiento provisional Secretario Ejecutivo C\u00f3digo 4210 Grado 23<\/td>\r\n<td>09\/01\/2026<\/td>\r\n<td><\/td>\r\n<td><a href=\"https:\/\/ipse.gov.co\/documento_talento_humano\/documento\/resoluciones\/2025\/236120260109162441244.pdf\" target=\"_blank\" rel=\"noopener\">\r\n<img decoding=\"async\" src=\"\/documentos_contratacion\/img\/pdf.png\" alt=\"PDF\" width=\"40\" height=\"40\" \/>\r\n<\/a><\/td>\r\n<\/tr>\r\n<tr>\r\n<td>Nombramiento Provisional T\u00e9cnico Administrativo, C\u00f3digo 3124, Grado 15 - Isabella Sofia Rojas Gomez<\/td>\r\n<td>14\/02\/2025<\/td>\r\n<td><\/td>\r\n<td><a href=\"https:\/\/ipse.gov.co\/documento_talento_humano\/documento\/resoluciones\/2025\/Resoluci%C3%B3n-20251530000285-Nombramiento-provisional.pdf\" target=\"_blank\" rel=\"noopener\">\r\n<img decoding=\"async\" src=\"\/documentos_contratacion\/img\/pdf.png\" alt=\"PDF\" width=\"40\" height=\"40\" \/>\r\n<\/a><\/td>\r\n<\/tr>\r\n<tr>\r\n<td>Nombramiento Provisional Secretario Ejecutivo C\u00f3digo 4210 Grado 23<\/td>\r\n<td>31\/01\/2025<\/td>\r\n<td><\/td>\r\n<td><a href=\"https:\/\/ipse.gov.co\/intranet\/wp-content\/uploads\/sites\/4\/2025\/02\/Nombramiento-provisional-secretario-grado-17.pdf\" target=\"_blank\" rel=\"noopener\">\r\n<img decoding=\"async\" src=\"\/documentos_contratacion\/img\/pdf.png\" alt=\"PDF\" width=\"40\" height=\"40\" \/>\r\n<\/a><\/td>\r\n<\/tr>\r\n<tr>\r\n<td>Nombramiento en encargo en el empleo de Secretario Ejecutivo C\u00f3digo 4210 Grado 23<\/td>\r\n<td>29\/01\/2025<\/td>\r\n<td><\/td>\r\n<td><a href=\"https:\/\/ipse.gov.co\/documento_talento_humano\/documento\/resoluciones\/VB-120251530000205_00001%20ENCARGO+MG-signed.pdf\" target=\"_blank\" rel=\"noopener\">\r\n<img decoding=\"async\" src=\"\/documentos_contratacion\/img\/pdf.png\" alt=\"PDF\" width=\"40\" height=\"40\" \/>\r\n<\/a><\/td>\r\n<\/tr>\r\n<tr>\r\n<td>Nombramiento provisional Profesional Especializado C\u00f3digo 2028 \u2013 Grado 13<\/td>\r\n<td>02\/01\/2025<\/td>\r\n<td><\/td>\r\n<td><a href=\"https:\/\/ipse.gov.co\/documento_talento_humano\/documento\/resoluciones\/20241530003665_Nombramiento%20Provisional_Laura-bejarano.pdf\" target=\"_blank\" rel=\"noopener\">\r\n<img decoding=\"async\" src=\"\/documentos_contratacion\/img\/pdf.png\" alt=\"PDF\" width=\"40\" height=\"40\" \/>\r\n<\/a><\/td>\r\n<\/tr>\r\n<tr>\r\n<td>Nombramiento provisional T\u00e9cnico Administrativo, C\u00f3digo 3124, Grado 16<\/td>\r\n<td>11\/10\/2023<\/td>\r\n<td>26\/10\/2023<\/td>\r\n<td><a href=\"\/documento_talento_humano\/documento\/resoluciones\/20231300002655_NOMBRAMIENTO%20TECNICO%20f.pdf\" target=\"_blank\" rel=\"noopener\">\r\n<img decoding=\"async\" src=\"\/documentos_contratacion\/img\/pdf.png\" alt=\"PDF\" width=\"40\" height=\"40\" \/>\r\n<\/a><\/td>\r\n<\/tr>\r\n<tr>\r\n<td>Nombramiento provisional profesional especializado c\u00f3digo 2028 grado 14<\/td>\r\n<td>02\/06\/2023<\/td>\r\n<td>16\/06\/2023<\/td>\r\n<td><a href=\"\/documento_talento_humano\/documento\/resoluciones\/20231530001355%20%282%29.pdf\" target=\"_blank\" rel=\"noopener\">\r\n<img decoding=\"async\" src=\"\/documentos_contratacion\/img\/pdf.png\" alt=\"PDF\" width=\"40\" height=\"40\" \/>\r\n<\/a><\/td>\r\n<\/tr>\r\n<tr>\r\n<td>Nombramiento en encargo en el empleo de Profesional Especializado C\u00f3digo 2018 Grado 16<\/td>\r\n<td>22\/03\/2023<\/td>\r\n<td>04\/04\/2023<\/td>\r\n<td><a href=\"\/documento_talento_humano\/documento\/resoluciones\/20231300000845%20-%20Encargo%20de%20funciones%20Deisy%20Jimenez%20%281%29.pdf\" target=\"_blank\" rel=\"noopener\">\r\n<img decoding=\"async\" src=\"\/documentos_contratacion\/img\/pdf.png\" alt=\"PDF\" width=\"40\" height=\"40\" \/>\r\n<\/a><\/td>\r\n<\/tr>\r\n<tr>\r\n<td>Nombramiento en provisionalidad profesional especializado c\u00f3digo 2028 grado 14<\/td>\r\n<td>03\/03\/2023<\/td>\r\n<td>16\/03\/2023<\/td>\r\n<td><a href=\"\/documento_talento_humano\/documento\/resoluciones\/Resoluci%C3%B3n%20Nombramiento%20Provisional%2020231300000925%20de%2024%20de%20marzo%20de%202023..pdf\" target=\"_blank\" rel=\"noopener\">\r\n<img decoding=\"async\" src=\"\/documentos_contratacion\/img\/pdf.png\" alt=\"PDF\" width=\"40\" height=\"40\" \/>\r\n<\/a><\/td>\r\n<\/tr>\r\n<tr>\r\n<td>Nombramiento en encargo en el empleo de Profesional Especializado C\u00f3digo 2018 Grado 18<\/td>\r\n<td>09\/02\/2023<\/td>\r\n<td>23\/02\/2023<\/td>\r\n<td><a href=\"\/documento_talento_humano\/documento\/resoluciones\/ENCARGO%20PROFESIONAL%20ESPECIALIZADO%2018MG.pdf\" target=\"_blank\" rel=\"noopener\">\r\n<img decoding=\"async\" src=\"\/documentos_contratacion\/img\/pdf.png\" alt=\"PDF\" width=\"40\" height=\"40\" \/>\r\n<\/a><\/td>\r\n<\/tr>\r\n<tr>\r\n<td>Nombramiento en provisionalidad vacante definitiva - Empleo t\u00e9cnico administrativo C\u00f3digo 3124 Grado 16<\/td>\r\n<td>02\/02\/2023<\/td>\r\n<td>16\/02\/2023<\/td>\r\n<td><a href=\"\/documento_talento_humano\/documento\/resoluciones\/20231300000525%20Resoluci%C3%B3n%20Nombramiento.pdf\" target=\"_blank\" rel=\"noopener\">\r\n<img decoding=\"async\" src=\"\/documentos_contratacion\/img\/pdf.png\" alt=\"PDF\" width=\"40\" height=\"40\" \/>\r\n<\/a><\/td>\r\n<\/tr>\r\n<tr>\r\n<td>Encargo Empleo T\u00e9cnico Administrativo C\u00f3digo 3124 Grado 16<\/td>\r\n<td>16\/01\/2023<\/td>\r\n<td>27\/01\/2023<\/td>\r\n<td><a href=\"\/documento_talento_humano\/documento\/resoluciones\/ENCARGO%20ORLANDO%20FRIAS%202023.pdf\" target=\"_blank\" rel=\"noopener\">\r\n<img decoding=\"async\" src=\"\/documentos_contratacion\/img\/pdf.png\" alt=\"PDF\" width=\"40\" height=\"40\" \/>\r\n<\/a><\/td>\r\n<\/tr>\r\n<tr>\r\n<td>Encargo Profesional Especializado 2028 Grado 15<\/td>\r\n<td>16\/01\/2023<\/td>\r\n<td>27\/01\/2023<\/td>\r\n<td><a href=\"\/documento_talento_humano\/documento\/resoluciones\/ENCARGO%20ANGELICA%20BECERRA%202023.pdf\" target=\"_blank\" rel=\"noopener\">\r\n<img decoding=\"async\" src=\"\/documentos_contratacion\/img\/pdf.png\" alt=\"PDF\" width=\"40\" height=\"40\" \/>\r\n<\/a><\/td>\r\n<\/tr>\r\n<tr>\r\n<td>Nombramiento provisional en el empleo de Profesional Especializado 2028 grado 14<\/td>\r\n<td>01\/12\/2022<\/td>\r\n<td>16\/12\/2022<\/td>\r\n<td><a href=\"\/documento_talento_humano\/documento\/resoluciones\/20221300003985%20RESOLUCI%C3%93N%20NOMBRAMIENTO%20PROF%20ESP%202028%2014%20-%20TICMG%20%281%29.pdf\" target=\"_blank\" rel=\"noopener\">\r\n<img decoding=\"async\" src=\"\/documentos_contratacion\/img\/pdf.png\" alt=\"PDF\" width=\"40\" height=\"40\" \/>\r\n<\/a><\/td>\r\n<\/tr>\r\n<tr>\r\n<td>Encargo en el empleo de Profesional Especializado 2028 grado 14<\/td>\r\n<td>18\/11\/2022<\/td>\r\n<td>01\/12\/2022<\/td>\r\n<td><a href=\"\/documento_talento_humano\/documento\/resoluciones\/20221300003665%20RESOLUCI%C3%93N%20ENCARGO%20JHJON%20EDWAR%20VALENCIAMG%20ff.pdf\" target=\"_blank\" rel=\"noopener\">\r\n<img decoding=\"async\" src=\"\/documentos_contratacion\/img\/pdf.png\" alt=\"PDF\" width=\"40\" height=\"40\" \/>\r\n<\/a><\/td>\r\n<\/tr>\r\n<tr>\r\n<td>Encargo en el empleo de Profesional Especializado 2028 grado 20 Subdirecci\u00f3n de Contratos y Seguimiento<\/td>\r\n<td>12\/10\/2022<\/td>\r\n<td>27\/10\/2022<\/td>\r\n<td><a href=\"\/documento_talento_humano\/documento\/resoluciones\/20221000003055%20RESOLUCI%C3%93N%20ENCARGO%20ORLANDO%20CASTROMG.pdf\" target=\"_blank\" rel=\"noopener\">\r\n<img decoding=\"async\" src=\"\/documentos_contratacion\/img\/pdf.png\" alt=\"PDF\" width=\"40\" height=\"40\" \/>\r\n<\/a><\/td>\r\n<\/tr>\r\n<tr>\r\n<td>Nombramiento Nelson Marin Ramos Cuadros<\/td>\r\n<td>10\/08\/2022<\/td>\r\n<td>25\/08\/2022<\/td>\r\n<td><a href=\"\/documento_talento_humano\/documento\/resoluciones\/Nombramiento%20Nelson%20Marin%20Ramos%20Cuadros%20-%202022.pdf\" target=\"_blank\" rel=\"noopener\">\r\n<img decoding=\"async\" src=\"\/documentos_contratacion\/img\/pdf.png\" alt=\"PDF\" width=\"40\" height=\"40\" \/>\r\n<\/a><\/td>\r\n<\/tr>\r\n<\/tbody>\r\n<\/table>\t\t<\/div>\n\t\t\t\t<\/div>\n\t\t\t\t\t<\/div>\n\t\t<\/div>\n\t\t\t\t\t<\/div>\n\t\t<\/section>\n\t\t\t\t<\/div>\n\t\t","protected":false},"excerpt":{"rendered":"<p>A continuaci\u00f3n, usted podr\u00e1 consultar las resoluciones emitidas por el IPSE, respecto a los Nombramientos provisionales y encargos en el ejercicio del derecho preferencial. Nombre Fecha de fijaci\u00f3n Fecha de desfijaci\u00f3n Documento Nombramiento Provisional Secretario Ejecutivo C\u00f3digo 4210 Grado 23 27\/01\/2026 Nombramiento Provisional T\u00e9cnico Administrativo C\u00f3digo 3124 Grado 16 27\/01\/2026 Nombramiento T\u00e9cnico Administrativo C\u00f3digo 3124 [&hellip;]<\/p>\n","protected":false},"author":1,"featured_media":0,"parent":0,"menu_order":0,"comment_status":"closed","ping_status":"closed","template":"","meta":{"footnotes":""},"class_list":["post-5607","page","type-page","status-publish","hentry"],"yoast_head":"<!-- This site is optimized with the Yoast SEO Premium plugin v25.3 (Yoast SEO v25.3.1) - https:\/\/yoast.com\/wordpress\/plugins\/seo\/ -->\n<title>Nombramientos y encargos - IPSE-INTRANET<\/title>\n<meta name=\"robots\" content=\"index, follow, max-snippet:-1, max-image-preview:large, max-video-preview:-1\" \/>\n<link rel=\"canonical\" href=\"https:\/\/ipse.gov.co\/intranet\/nombramientos-y-encargos\/\" \/>\n<meta property=\"og:locale\" content=\"es_ES\" \/>\n<meta property=\"og:type\" content=\"article\" \/>\n<meta property=\"og:title\" content=\"Nombramientos y encargos\" \/>\n<meta property=\"og:description\" content=\"A continuaci\u00f3n, usted podr\u00e1 consultar las resoluciones emitidas por el IPSE, respecto a los Nombramientos provisionales y encargos en el ejercicio del derecho preferencial. Nombre Fecha de fijaci\u00f3n Fecha de desfijaci\u00f3n Documento Nombramiento Provisional Secretario Ejecutivo C\u00f3digo 4210 Grado 23 27\/01\/2026 Nombramiento Provisional T\u00e9cnico Administrativo C\u00f3digo 3124 Grado 16 27\/01\/2026 Nombramiento T\u00e9cnico Administrativo C\u00f3digo 3124 [&hellip;]\" \/>\n<meta property=\"og:url\" content=\"https:\/\/ipse.gov.co\/intranet\/nombramientos-y-encargos\/\" \/>\n<meta property=\"og:site_name\" content=\"IPSE-INTRANET\" \/>\n<meta property=\"article:modified_time\" content=\"2026-01-28T03:41:06+00:00\" \/>\n<meta name=\"twitter:card\" content=\"summary_large_image\" \/>\n<meta name=\"twitter:label1\" content=\"Tiempo de lectura\" \/>\n\t<meta name=\"twitter:data1\" content=\"6 minutos\" \/>\n<script type=\"application\/ld+json\" class=\"yoast-schema-graph\">{\"@context\":\"https:\/\/schema.org\",\"@graph\":[{\"@type\":\"WebPage\",\"@id\":\"https:\/\/ipse.gov.co\/intranet\/nombramientos-y-encargos\/\",\"url\":\"https:\/\/ipse.gov.co\/intranet\/nombramientos-y-encargos\/\",\"name\":\"Nombramientos y encargos - IPSE-INTRANET\",\"isPartOf\":{\"@id\":\"https:\/\/ipse.gov.co\/intranet\/#website\"},\"datePublished\":\"2022-10-12T11:55:06+00:00\",\"dateModified\":\"2026-01-28T03:41:06+00:00\",\"breadcrumb\":{\"@id\":\"https:\/\/ipse.gov.co\/intranet\/nombramientos-y-encargos\/#breadcrumb\"},\"inLanguage\":\"es\",\"potentialAction\":[{\"@type\":\"ReadAction\",\"target\":[\"https:\/\/ipse.gov.co\/intranet\/nombramientos-y-encargos\/\"]}]},{\"@type\":\"BreadcrumbList\",\"@id\":\"https:\/\/ipse.gov.co\/intranet\/nombramientos-y-encargos\/#breadcrumb\",\"itemListElement\":[{\"@type\":\"ListItem\",\"position\":1,\"name\":\"Portada\",\"item\":\"https:\/\/ipse.gov.co\/intranet\/\"},{\"@type\":\"ListItem\",\"position\":2,\"name\":\"Nombramientos y encargos\"}]},{\"@type\":\"WebSite\",\"@id\":\"https:\/\/ipse.gov.co\/intranet\/#website\",\"url\":\"https:\/\/ipse.gov.co\/intranet\/\",\"name\":\"IPSE-INTRANET\",\"description\":\"Transformamos Territorios\",\"potentialAction\":[{\"@type\":\"SearchAction\",\"target\":{\"@type\":\"EntryPoint\",\"urlTemplate\":\"https:\/\/ipse.gov.co\/intranet\/?s={search_term_string}\"},\"query-input\":{\"@type\":\"PropertyValueSpecification\",\"valueRequired\":true,\"valueName\":\"search_term_string\"}}],\"inLanguage\":\"es\"}]}<\/script>\n<!-- \/ Yoast SEO Premium plugin. -->","yoast_head_json":{"title":"Nombramientos y encargos - IPSE-INTRANET","robots":{"index":"index","follow":"follow","max-snippet":"max-snippet:-1","max-image-preview":"max-image-preview:large","max-video-preview":"max-video-preview:-1"},"canonical":"https:\/\/ipse.gov.co\/intranet\/nombramientos-y-encargos\/","og_locale":"es_ES","og_type":"article","og_title":"Nombramientos y encargos","og_description":"A continuaci\u00f3n, usted podr\u00e1 consultar las resoluciones emitidas por el IPSE, respecto a los Nombramientos provisionales y encargos en el ejercicio del derecho preferencial. Nombre Fecha de fijaci\u00f3n Fecha de desfijaci\u00f3n Documento Nombramiento Provisional Secretario Ejecutivo C\u00f3digo 4210 Grado 23 27\/01\/2026 Nombramiento Provisional T\u00e9cnico Administrativo C\u00f3digo 3124 Grado 16 27\/01\/2026 Nombramiento T\u00e9cnico Administrativo C\u00f3digo 3124 [&hellip;]","og_url":"https:\/\/ipse.gov.co\/intranet\/nombramientos-y-encargos\/","og_site_name":"IPSE-INTRANET","article_modified_time":"2026-01-28T03:41:06+00:00","twitter_card":"summary_large_image","twitter_misc":{"Tiempo de lectura":"6 minutos"},"schema":{"@context":"https:\/\/schema.org","@graph":[{"@type":"WebPage","@id":"https:\/\/ipse.gov.co\/intranet\/nombramientos-y-encargos\/","url":"https:\/\/ipse.gov.co\/intranet\/nombramientos-y-encargos\/","name":"Nombramientos y encargos - IPSE-INTRANET","isPartOf":{"@id":"https:\/\/ipse.gov.co\/intranet\/#website"},"datePublished":"2022-10-12T11:55:06+00:00","dateModified":"2026-01-28T03:41:06+00:00","breadcrumb":{"@id":"https:\/\/ipse.gov.co\/intranet\/nombramientos-y-encargos\/#breadcrumb"},"inLanguage":"es","potentialAction":[{"@type":"ReadAction","target":["https:\/\/ipse.gov.co\/intranet\/nombramientos-y-encargos\/"]}]},{"@type":"BreadcrumbList","@id":"https:\/\/ipse.gov.co\/intranet\/nombramientos-y-encargos\/#breadcrumb","itemListElement":[{"@type":"ListItem","position":1,"name":"Portada","item":"https:\/\/ipse.gov.co\/intranet\/"},{"@type":"ListItem","position":2,"name":"Nombramientos y encargos"}]},{"@type":"WebSite","@id":"https:\/\/ipse.gov.co\/intranet\/#website","url":"https:\/\/ipse.gov.co\/intranet\/","name":"IPSE-INTRANET","description":"Transformamos Territorios","potentialAction":[{"@type":"SearchAction","target":{"@type":"EntryPoint","urlTemplate":"https:\/\/ipse.gov.co\/intranet\/?s={search_term_string}"},"query-input":{"@type":"PropertyValueSpecification","valueRequired":true,"valueName":"search_term_string"}}],"inLanguage":"es"}]}},"_links":{"self":[{"href":"https:\/\/ipse.gov.co\/intranet\/wp-json\/wp\/v2\/pages\/5607"}],"collection":[{"href":"https:\/\/ipse.gov.co\/intranet\/wp-json\/wp\/v2\/pages"}],"about":[{"href":"https:\/\/ipse.gov.co\/intranet\/wp-json\/wp\/v2\/types\/page"}],"author":[{"embeddable":true,"href":"https:\/\/ipse.gov.co\/intranet\/wp-json\/wp\/v2\/users\/1"}],"replies":[{"embeddable":true,"href":"https:\/\/ipse.gov.co\/intranet\/wp-json\/wp\/v2\/comments?post=5607"}],"version-history":[{"count":0,"href":"https:\/\/ipse.gov.co\/intranet\/wp-json\/wp\/v2\/pages\/5607\/revisions"}],"wp:attachment":[{"href":"https:\/\/ipse.gov.co\/intranet\/wp-json\/wp\/v2\/media?parent=5607"}],"curies":[{"name":"wp","href":"https:\/\/api.w.org\/{rel}","templated":true}]}}